a composite number?
True
Let m be ((-9)/(-54)*5853)/((-1)/(-10)). Let g = 17658 - m. Is g a composite number?
True
Let c(o) = 4 + o + 0 - 7 + 21*o**2 - 2. Let q(n) = n**3 + 9*n**2 - 11*n - 7. Let u be q(-10). Is c(u) prime?
False
Let p(l) = -18 + 7*l + 6 - 7 - 7. Let z = -11 - -24. Is p(z) a prime number?
False
Let y = 333 + -236. Suppose -61*l + 123 = -20*l. Suppose 0*b + b + l*u = y, -4*u = b - 97. Is b composite?
False
Let p(a) = a**2 - 12*a + 20. Let b be p(10). Suppose 4*l = 5*q - b*l - 70, 0 = -2*q - 3*l + 5. Is (-12 + q)/((-2)/2859) prime?
False
Suppose 3602 + 1690 = -3*c. Let n = -1234 - c. Suppose -n = -0*p - 2*p. Is p a composite number?
True
Let h = 7756 - 1250. Let a = -2673 + h. Is a composite?
False
Let p(f) = 138*f + 155 + 13*f**2 - 55*f - 4*f**2 + 2*f**2. Is p(-37) a composite number?
False
Let p(o) = o**3 + 49*o**2 + 54*o - 131. Is p(-43) a composite number?
False
Let c = -26187 - -60506. Is c a composite number?
False
Let t = -40116 + 79103. Is t a composite number?
True
Let a(j) = 42*j**2 - 7. Let z be a(15). Is 1/2*((-2)/2 + z) composite?
False
Let l(p) = p**3 - 4*p**2 + 3*p + 9. Let w be l(4). Suppose 19*o - w*o + 47062 = 0. Is o a composite number?
False
Is 17 + 56*(-2874220)/(-70) a prime number?
False
Suppose 5*t = x + 58, 3*t = 7*t - 2*x - 50. Let o = t + -7. Suppose -275 = o*d - 9*d. Is d a prime number?
False
Suppose -h + 11 - 23 = 5*l, -3*l - 18 = -3*h. Suppose 2*s + 32 = 4*k, -2*s = -6*s. Suppose 2*u + 4*g = 70, k*g = h*g - 20. Is u composite?
False
Is 17/(714/12) - 1938399/(-21) a prime number?
False
Let q(a) = 3*a**2 + 61*a - 881. Is q(-66) a prime number?
True
Let a(k) = 231*k**2 - 10*k - 107. Suppose 0 = 5*r - 2*o + 50, 2*r + 11 + 9 = -4*o. Is a(r) composite?
True
Suppose 2*r + 5*s - 133228 = 0, 315*s - 312*s + 18 = 0. Is r prime?
True
Let q(f) = -10450*f - 419. Is q(-4) a prime number?
True
Let d(r) = -24497*r + 9799. Is d(-6) composite?
False
Let k(h) = 533*h**3 + 152*h**2 - 9*h - 5. Is k(6) a composite number?
True
Let k be -14*-3*(-1)/(-6). Suppose -k*y + 17 = 3. Is 3/y*628/6 a composite number?
False
Let b = -155 + 153. Let w(k) = -237*k**3 + 2*k**2 + 4*k + 5. Is w(b) a composite number?
False
Let x(a) = -a**3 - 46*a**2 - 159*a + 13. Is x(-46) a prime number?
False
Suppose -6*g + 18*g - 25097 = 249955. Is g a composite number?
False
Let f = -312 + 302. Let n(c) = -988*c + 181. Is n(f) composite?
False
Suppose 4*f + 3*i - 5 = 0, -3*i = -2*f + 14 - 7. Suppose -7*h + 116375 = -f*h. Is (h/55 - 1) + 4/(-22) a prime number?
False
Suppose 31*u = 37*u - 42690. Is u prime?
False
Suppose -5*l - 1 = 4*k, 3*k - 4*k = l + 1. Suppose -a + 34 = 3*x, -7*a + l*a - 4*x = -152. Let c = a + 6. Is c composite?
True
Let h = 39988 - -30385. Is h prime?
True
Let f(g) = g**2 + 14*g + 8. Let x be f(-11). Let w(s) = -199*s + 61. Let k be w(x). Suppose -18*z + k = -14*z. Is z composite?
False
Suppose 0 = -4*a + p - 26, -2*a - 5*p = 4 - 2. Let h be (-976)/(-10) + 8*a/(-120). Suppose d - 443 = h. Is d prime?
True
Suppose -20 = -4*u, 478482 - 51656 = v - 3*u. Is v prime?
True
Let n(s) = 53*s - 172. Let y be n(15). Suppose 5*x - y = -2*b + 44, -x + 332 = b. Is b a prime number?
True
Let g(k) = 2*k - 22. Let m be g(15). Suppose 118 = -5*r - 4*v, m*v + 120 = -5*r + 3*v. Is 2038/6 - r/(-33) a prime number?
False
Let q(v) = -v**3 - 63*v**2 + 71*v - 523. Is q(-70) composite?
False
Suppose -c = 3*m - 0*m - 92958, -3*c + m + 278854 = 0. Suppose 12*h - 24*h + c = 0. Let f = -4747 + h. Is f composite?
False
Is (-3 - -5)*(5 - 740954/(-4)) prime?
False
Suppose -62794 = -3*t + 109058. Suppose 2*h - t = s, 2*h + 2*s - 85933 = -h. Is h a prime number?
True
Is ((4/(-9))/((-16)/(-24)))/(6/(-218853)) a composite number?
False
Let g be -1 - 1/2*-4. Suppose 8 = 3*p - g. Suppose -2*h = -3*k + 2191, -p*k - 6*h + 2161 = -2*h. Is k a composite number?
False
Let o(g) = 173 - 147 + 239 - 943*g. Is o(-22) a prime number?
True
Let k be ((-3 + 3)/(-3))/(-2). Suppose k = 37*w - 33*w - 30436. Is w a prime number?
False
Let u be 0*(3 - 40/15). Suppose 14 = -4*t - 3*j - 2, u = 4*j + 16. Is t*(2 + -2) + (338 - 1) prime?
True
Let h(r) = r**2 - 4. Let n be h(-2). Let m be (n/(-2))/((-1)/1 - 1). Suppose 4*w - 2816 - 860 = m. Is w a prime number?
True
Let m be 0 + ((-6)/4*2 - -5). Suppose 3*z + 0*z - 3971 = -m*j, 3*j - 6004 = 5*z. Is j composite?
False
Is (-1)/(-16) - 48/(-256)*9029 prime?
True
Suppose -2960973 = -20*m + 131887. Is m a composite number?
False
Let k = -2819 - -4012. Is k composite?
False
Let k(t) = -1564*t**3 - 2*t**2 + 6*t + 5. Is k(-2) a prime number?
True
Suppose -5*t - 4411 = -i - 214, -6 = -3*i. Let g = 1428 + t. Is g a composite number?
True
Let c = 1134 + -572. Let s(f) = -81*f - 1695. Let h be s(-38). Let z = h - c. Is z a composite number?
False
Let r(i) = 59*i**3 + 13*i**2 + 38*i - 221. Is r(15) composite?
True
Let y(o) = 8*o**2 - 21*o + 11. Suppose -19*c = -17*c - 192. Let i be (c/(-20))/((-2)/5 - 0). Is y(i) composite?
False
Let k = -27 - -28. Suppose 5 = 3*w - k. Suppose -346 = -5*y + 4*h + 143, -y - w*h = -95. Is y a composite number?
False
Let b(z) be the first derivative of 129*z**2/2 - 5*z + 28. Let r(n) = -3*n - 1. Let g be r(-3). Is b(g) prime?
False
Suppose 3*m = -3*r + 6, -5*r = -0*r. Is (257/m*-2)/(-1) composite?
False
Let h(f) = -f + 21. Let v be h(19). Let n be (0 + 1)/(7659/(-3831) + v). Let p = n + 108. Is p a prime number?
False
Let w(k) = -k**3 + 17*k**2 + 38*k - 43. Let f be 50/(-3)*(-72)/(-60). Is w(f) a composite number?
False
Let d(c) = 6*c + 2. Let s(h) = -3*h**2 - 13*h - 3. Let r(k) = -5*d(k) - 3*s(k). Suppose 2*q = 5*b - 0*q - 73, -b + 17 = -q. Is r(b) a composite number?
False
Let d(i) = 139*i**2 + 3*i + 101. Let p be d(-6). Let r = p - 3138. Is r composite?
False
Suppose a + 110 - 112 = 0. Suppose 9*q = 7*q - a*f + 6890, -q - 5*f + 3429 = 0. Is q prime?
True
Suppose -108*z = -5*z - 1628945. Is z a prime number?
False
Let v be (-4)/(-7) + (-164)/287. Suppose -10*c - 255 + 1145 = v. Is c composite?
False
Let m(u) = 142*u**3 - 22 + 5 - 30 + 14*u. Is m(5) a composite number?
True
Let s = -52 + 193. Suppose 2*o = 6*o + 328. Let p = s - o. Is p prime?
True
Is (-3040593)/(-33) + 2 + (-21)/(1386/12) a prime number?
False
Let n = 1221149 + -680716. Is n a composite number?
False
Suppose -x - 4 = 4*w, 4*x + 3*w + 4 - 40 = 0. Suppose x*s = 3*s + 45999. Is s prime?
False
Let l be 8*4/8 + -492. Let o(w) = w**3 + 14*w**2 + 14*w + 30. Let b be o(-17). Let g = l - b. Is g a composite number?
False
Suppose -4304 = -16*p - 96. Let v = 1014 + p. Is v a prime number?
True
Suppose -36*q = -41*q + 435. Suppose -14*c - q = -39553. Is c a composite number?
False
Suppose 0 = -7*b + 5*z + 4522994, 3*b + 10*z - 1938427 = 12*z. Is b prime?
True
Let r(k) = k**3 - 30*k**2 + 3*k - 62. Let s be r(30). Suppose s*v - 35273 = 21*v. Is v prime?
True
Let t(d) = d**2 + 4*d - 1. Let l be t(1). Suppose -l*c + 3*x = 411, 1 = -3*c + 2*x - 307. Let k = -55 - c. Is k a prime number?
True
Let i be ((-60)/(-100))/((-1)/(-5)). Suppose -z - i*z + n + 460 = 0, -3*n = -5*z + 575. Is z a prime number?
False
Let c = -1813 - -17335. Let s = c - 8489. Is s composite?
True
Suppose 0 = 3*h - x - 117, -h - 4*x = -0*x - 52. Let y = h - 46. Is (-20331)/y + (-12)/8 + 2 composite?
False
Let l be (5/(-10))/(2/(-204)). Let m be 2/(-8) - l/(-12). Suppose -m*i - 3*i = -679. Is i a composite number?
False
Let u be -42*((-2)/(-9) + 44/99). Let c be u/(-8)*(-8)/(-14)*1834. Suppose 2194 = 6*b - c. Is b a prime number?
True
Suppose -5*m = -7*m - 30. Let w = 18 + m. Suppose -4*u + 7575 = -w*n, 0 = u + 3*n + 2*n - 1888. Is u prime?
False
Suppose -3*h - 8686 = 2*j - 24398, 0 = -4*j + 5*h + 31380. Suppose -v - 3918 = -3*r + 786, 0 = -5*r + 5*v + j. Is r composite?
False
Suppose -11*f + 8 = -3*f. Is (-8)/(-2) + (-4 - f) + 822 a composite number?
False
Let r(c) be the first derivative of 3*c**4/4 + 11*c**3/3 - 8*c**2 + 6*c + 14. Let g be r(13). Suppose -w + g = 7*w. Is w prime?
True
Suppose 25*v - 21*v = -5*c + 91236, 4*v - 3*c = 91204. Let j = -15195 + v. Is j composite?
True
Let k be (-270)/12*(-8)/6. Let z(u) = -5*u - 31 + 6*u + 211*u**2 + k. Is z(1) a composite number?
False
Suppose 6*i - 4*i - 3*f = -2, i + 4 = 3*f. Suppose i*o - o = 2*k + 13, -o + 14 = -3*k. Is o a composite number?
Fa